site number?
False
Let s = 206 + -203. Suppose 0 = y + 3*y. Suppose -3*o + 0 = 3, y = 4*b + s*o - 37. Is b composite?
True
Let x(w) = w - 6. Let f be x(4). Let a be (-611 - f) + -1 - 3. Let g = 1112 + a. Is g composite?
False
Let v = 24 + -19. Let j be (-5478)/(-10) + (-4)/v. Suppose r = q - j, -3*r + 1629 = q + 2*q. Is q a composite number?
True
Let l be (-3)/(-3)*2 - 4. Let r be (-3)/(l + (-28)/(-12)). Is (r + -2 - 2)/(-1) a composite number?
False
Let x = 10 + -8. Suppose 4*k = 5*k + v + 5, -x*k = 4*v + 18. Is (k + 0)/((-1)/334) prime?
False
Suppose v = 3*l - 7, -l + 0 = 1. Let k be -1 + 2 + (-7 - v). Suppose -k*g = -5*g + 3*i + 815, 0 = -3*g + 4*i + 2445. Is g a composite number?
True
Suppose v + 7 - 10 = 0. Suppose -29 = -2*s - v*a + 43, -a = -2. Is s prime?
False
Let y(h) = -h**3 - 2*h**2 + 19. Let p be ((-2 - -4) + -2)/(5/5). Is y(p) a prime number?
True
Suppose -6*b = -3*b + 54. Let v = -21 - b. Is 146 - v - 1 - -1 a prime number?
True
Let i = -210 + 126. Let a = 475 - i. Is a prime?
False
Let n = -6 + 8. Suppose -4*s - 4 = 0, -3*s + 2*s + 7 = -2*u. Is n/((-16)/254)*u prime?
True
Let k(g) = g**3 + g**2 - g + 4. Suppose 2*n = 2*p - 2, 9*p - 4*p - 9 = 4*n. Is k(p) composite?
False
Let b be 3 - 0*(-2)/(-6). Is ((-5)/5)/(1*b/(-1443)) composite?
True
Let i = 1851 - 470. Is i a prime number?
True
Let k(o) = 36*o**2 - 3*o + 1. Suppose 0 = -5*v - 2*y + 69, -2*v - y + 34 = 3*y. Let c = -11 + v. Is k(c) prime?
True
Suppose 2361 = -14*y + 15*y. Is y a composite number?
True
Suppose -3*m - 1739 = 4*y, -2*y - 521 - 350 = 3*m. Let z = -577 + y. Let q = -604 - z. Is q composite?
True
Suppose 4*o + 3 = 5*o, 5*o = r - 2114. Is r composite?
False
Let h be 2 + -1666 + (-2)/2. Let f(j) = -189*j**2 - 4*j - 4. Let w(m) = -78625*m**2 - 1665*m - 1665. Let n(s) = h*f(s) + 4*w(s). Is n(-1) composite?
True
Let j(i) = 0 + 4 + 69*i + 8. Let u be j(-8). Let t = -335 - u. Is t composite?
True
Let x(r) = 60*r**3 + r**2 - 4*r + 10. Let v be x(5). Let s = v + -2746. Is s a prime number?
False
Is ((-36653)/4)/((-161)/644) a composite number?
False
Let h = 786 - 521. Let k(j) = 2*j**3 - 15*j**2 + 7*j + 15. Let v be k(12). Suppose -5*g - h = -v. Is g a prime number?
False
Let a be (-4)/14 + -1*1622/7. Let w = a - -971. Is w a composite number?
False
Suppose 4*z = -3*o - 0*o + 55, -3*o - 2*z = -47. Suppose -1361 = -o*h + 12*h. Is h a composite number?
False
Suppose -4*o = -3*p + p + 2950, 2955 = 2*p - 5*o. Suppose -4*a + p = 5*h, h - 3*a - 293 = -a. Is h composite?
False
Let g(t) = 3*t. Let n be g(4). Suppose 5*m = 4*m + 291. Is 1*4/n*m prime?
True
Suppose 5*p = 8*p - 5679. Suppose -387 = 2*a - p. Suppose -o - 2*o = -a. Is o a prime number?
True
Suppose -2*q + 4884 = 2*q. Suppose 0 = -4*t + t + q. Is t a composite number?
True
Let h be 70/(-8) - (-6)/8. Let f(c) = -c**3 - 9*c**2 - 9*c - 10. Let n be f(h). Is 3 - (-3 - n) - -29 a prime number?
False
Suppose -2*t = 2 - 8. Suppose -t*b = -9 - 0. Suppose b*l + 258 = 5*k, l + 15 = -3*k + 167. Is k a composite number?
True
Let u(n) = 3*n**2 - 10*n - 12. Suppose -m + 2*d = 0, 0 = 3*m + 2*d - d - 21. Let h be m/(-9)*-18 + -3. Is u(h) composite?
True
Suppose 2*h = -0*g + 5*g - 7401, 3*g + 3*h = 4449. Suppose -4*x = 157 - g. Is x a prime number?
True
Is 49570/14 - (-26)/91 composite?
False
Suppose s - 24 = 85. Suppose 504 = z - s. Is z prime?
True
Suppose -231 = 6*d - 3*d. Let o = -3 - d. Suppose -15 = -u + o. Is u composite?
False
Let d(k) = 48*k**2 + 9*k - 33. Is d(-10) a prime number?
False
Let y = -16 + 23. Suppose -2*j - 25 = -y*j. Suppose -x - r - 4*r = -86, -451 = -j*x - 4*r. Is x a prime number?
False
Let a(b) = b**3 + 41*b**2 + 63*b + 109. Is a(-33) composite?
True
Let c(w) = -w + 9. Let v be c(7). Suppose v*j - 197 = 75. Suppose 4*b - 137 = 3*y, 4*b - 4*y - j = -0*y. Is b composite?
True
Let j = -10651 + 20294. Is j a prime number?
True
Let p(x) = 12145*x**2 - 3*x + 7. Is p(1) a composite number?
False
Is (-5)/(-35) + (-143705)/(-35) a composite number?
True
Suppose -73*x = -79*x + 322638. Is x a prime number?
True
Let l(p) = -93*p - 822*p**3 - 266*p**3 + 1 + 95*p. Is l(-1) a prime number?
True
Let c = -7687 - -13590. Is c a prime number?
True
Let y(k) = 126*k + 31. Is y(7) a composite number?
True
Is 4/6 + (-11)/((-66)/318062) a composite number?
True
Let t = 540 + -375. Suppose -f = 1 - 4. Suppose f*j + 2 = j, j - t = -l. Is l a composite number?
True
Let l(x) = x**2 + 2. Let d be l(0). Suppose 3*g + 130 = d*s + 5*g, 0 = -2*s - 4*g + 140. Let b = s + -27. Is b a composite number?
True
Is (-1)/((-4)/46*10/11860) composite?
True
Suppose 4*r - 27294 - 40182 = 0. Is r composite?
True
Let c(s) = -55*s. Let y be c(-1). Let z = -30 + y. Suppose -j + 34 = -z. Is j a prime number?
True
Suppose -2790 = -2*q + 2*a, 0*q + 3*a + 1387 = q. Is q a composite number?
False
Let k = 26 + -29. Let i(m) = 3*m - 6. Let t be i(k). Let a(s) = s**2 + 6*s - 17. Is a(t) composite?
True
Let x(o) = 65*o - 2. Let l be x(-4). Let k = l + 661. Suppose -4*j = -j - k. Is j composite?
True
Let j be (-91)/65 - 6/10. Let u(k) = -111*k + 1 + 3 - 3. Is u(j) a composite number?
False
Let l = 59063 + -9100. Is l composite?
True
Let y(u) = 303*u**2 + 16*u + 59. Is y(-6) a composite number?
True
Suppose -602 = -4*h - 34. Suppose -4*b = -6*b + 3*s + h, -s + 71 = b. Suppose -i = -c + 15, 5*c + 4*i - 182 + b = 0. Is c a composite number?
False
Let l = -232 + 121. Let p be (4/1)/(-2*(-3)/(-21)). Let h = p - l. Is h a prime number?
True
Let m = -61 - -104. Let q = 148 + m. Is q a prime number?
True
Let f = 841 - 422. Is f a prime number?
True
Suppose 3*w - 9 = -h, 0 = 5*h - 5*w - 0 - 5. Suppose 2*v - 40 = -h*v. Is (-2)/v*62*-2 prime?
True
Let u(i) = -i**3 + 16*i**2 - 6*i + 10. Let j(r) = 2*r**2 - 3*r + 7. Let d be j(5). Let h = -29 + d. Is u(h) composite?
False
Is (524/(-6))/((-44)/1518) a prime number?
False
Let x(u) = 2457*u - 88. Is x(5) prime?
True
Let w = 17723 - -2298. Is w a prime number?
True
Suppose -3*c - 3*t + 118 = -44, c - 49 = 4*t. Let m = 179 - c. Is 0 + -2 - (-3 - m) a prime number?
True
Let m(w) = -25*w - 9*w - 38*w - 1. Is m(-1) a prime number?
True
Let f be (-4 - (0 - 4))/(-1). Let w(h) = h + 4*h**2 - 1 + f + 2*h - h**2. Is w(-5) composite?
False
Let k(n) = 12*n + 123. Is k(-7) a composite number?
True
Let v = 63 + -17. Let j be (-4)/(8/(-519))*2. Let a = v + j. Is a a prime number?
False
Suppose -12075 = 3*y - 12816. Is y a prime number?
False
Let i(x) = -3*x**2 + 32*x - 15. Let s be i(10). Suppose 0 = 2*v + 2*b - 2074, s*b + 21 = 1. Is v a composite number?
True
Is 4037/6 - (-10 + (-177)/(-18)) a prime number?
True
Let j be 3/(-2 + 21/6). Let n be (-4)/14 - 8/(-28). Is 123 + (j - n) + -4 a composite number?
True
Let m(h) = 166*h**2 - 7*h + 37. Is m(6) prime?
False
Let y = -31 - -28. Let j be y/4 - 1591/(-4). Suppose 5*x + 4*c = 805, 4*c - j = -2*x - 63. Is x a composite number?
False
Let n = 9 - 18. Let y be (-12 - n) + (4480 - 2). Suppose 0*f + 5*f = y. Is f composite?
True
Let g = 68233 - 31646. Is g prime?
True
Is (-7472)/(-40)*(-30)/(-12) prime?
True
Suppose 5*g - 21 = -4*y, 3*g - 5 + 22 = 5*y. Suppose -1888 = 2*h - 6*h + y*t, 2*t - 932 = -2*h. Is h prime?
False
Let b(d) = 129*d**2 - 13*d - 5. Is b(3) composite?
False
Let y = -940 - -2343. Is y a prime number?
False
Let f(j) = 120*j**3 + 11*j**2 + 7*j. Let g be f(-7). Let z be 1/2 - g/20. Suppose -2351 - z = -5*h. Is h a composite number?
False
Let i = -17694 - -27817. Is i a prime number?
False
Is 2/6 - 185538/(-153) composite?
False
Let p = 3 + -18. Let x = 23 + p. Is 2/((x/(-804))/(-1)) a prime number?
False
Let z = -5800 - -10494. Is z composite?
True
Suppose b + 15 = 4*u, -5*u + 3*b + 5 = -u. Suppose 20 = -u*f + 90. Is f a prime number?
False
Let w(d) = 2*d + 11. Let s = 5 - 10. Let u be w(s). Is u/2 + (-146)/(-4) composite?
False
Let r = 1694 - -1325. Is r prime?
True
Let v = -1891 - -2896. Suppose 5*d + 0*r - 997 = -r, v = 5*d + 5*r. Is d a prime number?
True
Suppose n + 4*n = 4445. Is n composite?
True
Let v = 23 + -22. Let u be 0 - -2*6/4. Is 2 - 166/(v - u) a composite number?
True
Let a = 9060 + 1207. Is a prime?
True
Let u(a) = -a**3 + a**2 + 2*a - 3201. Let x be u(0). Let f = x - -4819. Is f composite?
True
Suppose 5*z - 1307 = 47*w - 50*w, -w + 4 = 0. Is z a composite number